f 17?
True
Is 108 a factor of 297965437?
False
Does 201 divide 58425876?
True
Does 17 divide 9435893?
False
Does 337 divide 199645569?
False
Does 40 divide 204859040?
True
Does 26 divide 34963240?
True
Is 50553306 a multiple of 214?
False
Does 584 divide 19062078?
False
Is 20043408 a multiple of 272?
True
Does 96 divide 273513854?
False
Is 328058217 a multiple of 1047?
False
Does 53 divide 524325538?
False
Is 584052361 a multiple of 84?
False
Does 668 divide 176660421?
False
Is 24947476 a multiple of 332?
True
Is 34579725 a multiple of 15?
True
Is 5 a factor of 14982460?
True
Is 22 a factor of 32894225?
False
Does 17 divide 623944691?
False
Does 1084 divide 12919641?
False
Does 6 divide 289896510?
True
Is 6 a factor of 159908469?
False
Is 15737878 a multiple of 46?
False
Is 30 a factor of 464024605?
False
Is 29014326 a multiple of 957?
True
Does 11 divide 50498550?
False
Does 663 divide 435875729?
False
Is 188 a factor of 404150180?
True
Is 2220488395 a multiple of 43?
True
Is 1311 a factor of 3054370938?
False
Is 204922080 a multiple of 60?
True
Does 13 divide 23799138?
False
Is 33975738 a multiple of 38?
False
Does 74 divide 5612012?
True
Is 607530616 a multiple of 98?
True
Is 2 a factor of 261824632?
True
Is 14073566 a multiple of 15?
False
Is 23184997 a multiple of 1251?
False
Is 298 a factor of 697238646?
True
Does 16 divide 26825839?
False
Is 59 a factor of 24491701?
False
Is 2 a factor of 439721866?
True
Is 1189 a factor of 703397443?
False
Does 39 divide 51452154?
True
Is 126 a factor of 28383502?
False
Is 3700233 a multiple of 30?
False
Is 19204125 a multiple of 277?
False
Is 11 a factor of 1493295683?
True
Is 68043315 a multiple of 69?
True
Does 7950 divide 598223110?
False
Is 59 a factor of 1931827?
False
Is 346763213 a multiple of 127?
True
Does 32 divide 153477024?
True
Is 585658104 a multiple of 4598?
False
Is 45275490 a multiple of 54?
True
Is 12 a factor of 430814486?
False
Does 5337 divide 1189062252?
True
Does 805 divide 119847595?
True
Is 136998671 a multiple of 1230?
False
Is 101 a factor of 61976824?
False
Is 45 a factor of 25829570?
False
Is 1210 a factor of 397487420?
True
Is 267 a factor of 156569777?
False
Does 1574 divide 643846113?
False
Does 22 divide 203902358?
True
Does 39 divide 60575107?
False
Does 29 divide 32025188?
False
Is 79 a factor of 181883991?
True
Is 1488302845 a multiple of 177?
False
Is 14222880 a multiple of 408?
True
Is 715324 a multiple of 3?
False
Is 6821822 a multiple of 112?
False
Is 1250 a factor of 743114277?
False
Is 10 a factor of 151355380?
True
Does 153 divide 15772778?
False
Is 11055000 a multiple of 264?
True
Does 73 divide 1945394812?
True
Does 259 divide 3376355?
False
Is 376 a factor of 516379781?
False
Is 336684453 a multiple of 92?
False
Is 1499085524 a multiple of 67?
False
Is 337973250 a multiple of 29?
True
Is 280 a factor of 925665339?
False
Is 1727108275 a multiple of 3?
False
Does 19 divide 100365591?
False
Is 17 a factor of 1401395?
True
Is 24157200 a multiple of 328?
True
Is 92197840 a multiple of 112?
True
Does 569 divide 34000595?
True
Is 131 a factor of 292002995?
False
Is 16585579 a multiple of 10?
False
Does 6 divide 286957668?
True
Is 49098128 a multiple of 487?
False
Is 1073 a factor of 1440808361?
False
Does 8 divide 218306331?
False
Is 1448 a factor of 77693888?
True
Is 5 a factor of 251658496?
False
Does 4951 divide 252753501?
True
Is 3027 a factor of 64228476?
False
Is 751730574 a multiple of 106?
False
Is 24720465 a multiple of 255?
True
Does 247 divide 120493516?
True
Is 20 a factor of 621034700?
True
Is 330 a factor of 93065610?
True
Does 894 divide 13156104?
True
Is 788440510 a multiple of 6721?
True
Is 19459800 a multiple of 285?
True
Does 5324 divide 998521524?
True
Is 2247404 a multiple of 2234?
True
Is 57173377 a multiple of 213?
False
Does 25 divide 2800354?
False
Does 119 divide 34847497?
False
Does 8 divide 21096976?
True
Is 19 a factor of 554101161?
True
Does 17 divide 1042413259?
True
Is 2410125448 a multiple of 278?
True
Does 467 divide 745000897?
True
Is 188280612 a multiple of 1053?
True
Does 7 divide 92944093?
False
Is 54 a factor of 153012510?
True
Does 6 divide 78476303?
False
Is 428 a factor of 72118989?
False
Does 135 divide 222221610?
True
Does 2 divide 62954933?
False
Is 1546 a factor of 103818883?
False
Is 7 a factor of 36708671?
False
Does 44 divide 9529645?
False
Is 19 a factor of 5939011?
False
Is 93908340 a multiple of 45?
True
Is 162232513 a multiple of 91?
False
Does 253 divide 444507844?
True
Is 762487553 a multiple of 441?
False
Is 16270612 a multiple of 17?
False
Is 6 a factor of 23834202?
True
Is 51 a factor of 995650?
False
Does 242 divide 65342864?
False
Does 524 divide 231939692?
True
Does 2 divide 8429729?
False
Is 323107273 a multiple of 37?
True
Is 350891366 a multiple of 287?
True
Is 23 a factor of 2675605962?
True
Is 37 a factor of 139040672?
True
Does 5352 divide 215506910?
False
Is 35 a factor of 679079800?
True
Is 92074898 a multiple of 10?
False
Is 99 a factor of 77588082?
True
Is 6 a factor of 65850277?
False
Does 17 divide 2067267107?
False
Is 5 a factor of 20943475?
True
Is 62 a factor of 411591526?
True
Is 429 a factor of 41878820?
False
Is 340901952 a multiple of 717?
True
Is 171 a factor of 2682869162?
False
Does 65 divide 23861884?
False
Is 174 a factor of 161100195?
False
Is 351088327 a multiple of 919?
True
Is 50428664 a multiple of 234?
False
Is 50907113 a multiple of 128?
False
Does 574 divide 22504818?
True
Does 99 divide 45675867?
False
Is 2821 a factor of 217569625?
True
Does 20 divide 807463220?
True
Is 1059 a factor of 3852912957?
False
Is 2009088 a multiple of 162?
False
Is 23 a factor of 40560656?
False
Does 31 divide 506620706?
False
Is 9637624 a multiple of 82?
True
Is 1234166520 a multiple of 1084?
True
Is 647 a factor of 78642850?
True
Is 469 a factor of 173371982?
False
Does 16 divide 83768133?
False
Is 99173060 a multiple of 20?
True
Does 116 divide 114667276?
True
Is 5650704116 a multiple of 674?
True
Does 7006 divide 2328647274?
True
Is 4694202 a multiple of 3117?
True
Does 341 divide 8914112?
False
Is 21893990 a multiple of 122?
False
Is 232199148 a multiple of 60?
False
Is 100023520 a multiple of 1341?
False
Does 561 divide 18479340?
True
Does 85 divide 532221125?
True
Is 436005233 a multiple of 338?
False
Does 285 divide 246905760?
True
Is 1407866 a multiple of 525?
False
Is 27790532 a multiple of 113?
False
Does 167 divide 817922916?
False
Does 272 divide 139721776?
True
Is 1095579900 a multiple of 3420?
True
Is 42770235 a multiple of 515?
True
Is 321 a factor of 32925766?
False
Is 629 a factor of 179697123?
True
Does 332 divide 501531144?
False
Is 364684346 a multiple of 46?
False
Is 10585269 a multiple of 183?
True
Is 188 a factor of 93192200?
False
Does 150 divide 436129353?
False
Is 2221 a factor of 1851096368?
False
Does 19 divide 612267463?
False
Does 1341 divide 340757487?
True
Is 9 a factor of 130658202?
True
Does 14 divide 269885535?
False
Does 259 divide 18359474?
True
Is 12503870 a multiple of 10?
True
Is 242 a factor of 147702038?
True
Is 104 a factor of 32107088?
True
Does 481 divide 1352829763?
False
Is 3136 a factor of 810959047?
False
Is 351 a factor of 12678822?
True
Is 24666590 a multiple of 65?
True
Is 406 a factor of 452535998?
False
Does 2220 divide 5057160?
True
Does 35 divide 246771490?
True
Is 247 a factor of 119087028?
False
Does 12 divide 241517688?
True
Is 26453966 a multiple of 1463?
True
Is 323267427 a multiple of 5337?
True
Is 3826 a factor of 1904651668?
True
Is 3 a factor of 5185262?
False
Is 17 a factor of 134379118?
True
Is 415 a factor of 391290635?
True
Is 1273 a factor of 99947172?
False
Is 739827522 a multiple of 207?
True
Is 12479620 a multiple of 1174?
True
Is 374575223 a multiple of 53?
False
Is 75 a factor of 60648885?
False
Is 3892491075 a multiple of 25?
True
Is 157139328 a multiple of 8?
True
Is 5259150 a multiple of 1131?
True
Does 26 divide 30774447?
False
Is 921 a factor of 87249093?
True
Is 15 a factor of 170770500?
True
Is 873 a factor of 19184175?
True
Is 2060076 a multiple of 12?
True
Is 29156750 a multiple of 336?
False
Is 321073452 a multiple of 110?
False
Is 5 a factor of 726896120?
True
Is 48104665 a multiple of 4694?
False
Does